{"id":7,"date":"2026-04-30T13:31:54","date_gmt":"2026-04-30T13:31:54","guid":{"rendered":"https:\/\/hofchorakkerboom.de\/index.php\/colibri-wp\/"},"modified":"2026-05-01T11:26:47","modified_gmt":"2026-05-01T11:26:47","slug":"colibri-wp","status":"publish","type":"page","link":"https:\/\/hofchorakkerboom.de\/","title":{"rendered":"willkommen"},"content":{"rendered":"\n<ul class=\"wp-block-list has-primary-color has-text-color has-link-color wp-elements-6b7b2a269cbcf5f8d999f5854b9c46cc\">\n<li>Diese Seite befindet sich im Aufbau!<\/li>\n\n\n\n<li>Schau dich doch erstmal hier um:<\/li>\n\n\n\n<li><a href=\"https:\/\/hofchor-akkerboom.clubdesk.com\/hofchor-akkerboom\/willkommen\">Hofchor Akkerboom &#8211; Hofchor Akkerboom<\/a><\/li>\n<\/ul>\n\n\n\n<div class=\"wp-block-cover alignfull is-light wp-duotone-094850-f9644e-1\" style=\"margin-top:0;padding-top:48px;padding-right:48px;padding-bottom:48px;padding-left:48px;min-height:66vh;aspect-ratio:unset;\"><img fetchpriority=\"high\" decoding=\"async\" width=\"1024\" height=\"747\" class=\"wp-block-cover__image-background wp-image-83 size-large\" alt=\"\" src=\"https:\/\/hofchorakkerboom.de\/wp-content\/uploads\/2026\/04\/Use-AI-Image-Apr-30-2026-16_26_28-1024x747.png\" data-object-fit=\"cover\" srcset=\"https:\/\/hofchorakkerboom.de\/wp-content\/uploads\/2026\/04\/Use-AI-Image-Apr-30-2026-16_26_28-1024x747.png 1024w, https:\/\/hofchorakkerboom.de\/wp-content\/uploads\/2026\/04\/Use-AI-Image-Apr-30-2026-16_26_28-300x219.png 300w, https:\/\/hofchorakkerboom.de\/wp-content\/uploads\/2026\/04\/Use-AI-Image-Apr-30-2026-16_26_28-768x560.png 768w, https:\/\/hofchorakkerboom.de\/wp-content\/uploads\/2026\/04\/Use-AI-Image-Apr-30-2026-16_26_28.png 1184w\" sizes=\"(max-width: 1024px) 100vw, 1024px\" \/><span aria-hidden=\"true\" class=\"wp-block-cover__background has-background-dim-30 has-background-dim\" style=\"background-color:#d4ab8f\"><\/span><div class=\"wp-block-cover__inner-container is-layout-flow wp-block-cover-is-layout-flow\">\n<div class=\"wp-block-group has-global-padding is-content-justification-left is-layout-constrained wp-container-core-group-is-layout-0b562c1c wp-block-group-is-layout-constrained\">\n<h2 class=\"wp-block-heading alignfull has-text-align-center has-white-color has-text-color\" style=\"font-size:clamp(50.171px, 3.136rem + ((1vw - 3.2px) * 5.662), 100px);font-style:normal;font-weight:700;letter-spacing:0px;line-height:1;text-transform:uppercase\">willkommen<\/h2>\n\n\n\n<h2 class=\"wp-block-heading has-text-align-right\"><strong>beim Hofchor Akkerboom!<\/strong>          <\/h2>\n<\/div>\n\n\n\n<div style=\"height:72px\" aria-hidden=\"true\" class=\"wp-block-spacer\"><\/div>\n<\/div><\/div>\n\n\n\n\n\n\n\n\n","protected":false},"excerpt":{"rendered":"<p>Was erwartet dich? Wir sind ein gemischter Chor mit etwa 40 aktiven S\u00e4ngerinnen und S\u00e4ngern. Mit viel Spa\u00df singen wir drei- bis sechsstimmig Lieder aus aller Welt, aus mehreren Jahrhunderten und in vielen Sprachen &#8211; da ist f\u00fcr Jede und Jeden etwas dabei! Wir proben au\u00dferhalb der Schulferien montags von 19:30 &#8211; 21:00 Uhr in [&hellip;]<\/p>\n","protected":false},"author":1,"featured_media":96,"parent":0,"menu_order":0,"comment_status":"closed","ping_status":"closed","template":"blank","meta":{"footnotes":""},"class_list":["post-7","page","type-page","status-publish","has-post-thumbnail","hentry"],"_links":{"self":[{"href":"https:\/\/hofchorakkerboom.de\/index.php\/wp-json\/wp\/v2\/pages\/7","targetHints":{"allow":["GET"]}}],"collection":[{"href":"https:\/\/hofchorakkerboom.de\/index.php\/wp-json\/wp\/v2\/pages"}],"about":[{"href":"https:\/\/hofchorakkerboom.de\/index.php\/wp-json\/wp\/v2\/types\/page"}],"author":[{"embeddable":true,"href":"https:\/\/hofchorakkerboom.de\/index.php\/wp-json\/wp\/v2\/users\/1"}],"replies":[{"embeddable":true,"href":"https:\/\/hofchorakkerboom.de\/index.php\/wp-json\/wp\/v2\/comments?post=7"}],"version-history":[{"count":17,"href":"https:\/\/hofchorakkerboom.de\/index.php\/wp-json\/wp\/v2\/pages\/7\/revisions"}],"predecessor-version":[{"id":117,"href":"https:\/\/hofchorakkerboom.de\/index.php\/wp-json\/wp\/v2\/pages\/7\/revisions\/117"}],"wp:featuredmedia":[{"embeddable":true,"href":"https:\/\/hofchorakkerboom.de\/index.php\/wp-json\/wp\/v2\/media\/96"}],"wp:attachment":[{"href":"https:\/\/hofchorakkerboom.de\/index.php\/wp-json\/wp\/v2\/media?parent=7"}],"curies":[{"name":"wp","href":"https:\/\/api.w.org\/{rel}","templated":true}]}}

<p>Was erwartet dich? Wir sind ein gemischter Chor mit etwa 40 aktiven Sängerinnen und Sängern. Mit viel Spaß singen wir drei- bis sechsstimmig Lieder aus aller Welt, aus mehreren Jahrhunderten und in vielen Sprachen &#8211; da ist für Jede und Jeden etwas dabei! Wir proben außerhalb der Schulferien montags von 19:30 &#8211; 21:00 Uhr in [&hellip;]</p>
